ase 2, what is -1111000001 + -11000?
-1111011001
In base 12, what is -7 + b505?
b4ba
In base 4, what is -1113 - -1120020?
1112301
In base 9, what is -1837 + 122?
-1715
In base 12, what is -13 - -18b?
178
In base 14, what is 1c + -a571?
-a553
In base 4, what is 3302320 - -2102?
3311022
In base 8, what is 3 - -146262?
146265
In base 5, what is -124 - 2013101?
-2013230
In base 2, what is 0 + 101110001011100?
101110001011100
In base 5, what is -4 + -1013022?
-1013031
In base 15, what is -42 - c34?
-c76
In base 8, what is 172 - 414?
-222
In base 9, what is -13 - 4151?
-4164
In base 13, what is 10c2 - -53?
1145
In base 5, what is -10430 - -131?
-10244
In base 7, what is 0 - -263564?
263564
In base 4, what is -1302002010 + -1?
-1302002011
In base 16, what is -46 + -2947?
-298d
In base 13, what is 60494 + -20?
60474
In base 16, what is -3 + -2323a?
-2323d
In base 15, what is -3126 + 3?
-3123
In base 2, what is -110100010 + 110100011?
1
In base 4, what is -11201000131 + 1?
-11201000130
In base 6, what is 1425522 + -4?
1425514
In base 13, what is 5 - -190032?
190037
In base 8, what is -32144 - -7?
-32135
In base 2, what is 100001000010110101010 - -101?
100001000010110101111
In base 16, what is -1b - -20b6?
209b
In base 3, what is 122 + -1011011020011?
-1011011012112
In base 5, what is -12 - -23242022?
23242010
In base 6, what is -5 - 113501?
-113510
In base 15, what is -c + -1425?
-1432
In base 5, what is 12332341 - -3?
12332344
In base 3, what is 2 + 101110111100?
101110111102
In base 10, what is -3 + 2248?
2245
In base 13, what is -403b + -57?
-4095
In base 10, what is 8 - 3850?
-3842
In base 10, what is -5762980 + -4?
-5762984
In base 6, what is 13 - 30214000?
-30213543
In base 6, what is -154442111 - 0?
-154442111
In base 15, what is -4be4 - -1?
-4be3
In base 11, what is -2 - -12374?
12372
In base 5, what is 3 - 224344?
-224341
In base 12, what is -2 + ab199?
ab197
In base 8, what is -3 - -572167?
572164
In base 10, what is -12656 + 18?
-12638
In base 14, what is c9216 - -2?
c9218
In base 8, what is -26 - 720?
-746
In base 2, what is -1011001000000000000 + 0?
-1011001000000000000
In base 5, what is -224323 - 4?
-224332
In base 7, what is -15 + 1166101?
1166053
In base 8, what is 3305630 - -2?
3305632
In base 9, what is -25 - 20333?
-20358
In base 5, what is 1341 - 220?
1121
In base 9, what is 7026 - -10?
7036
In base 3, what is 10110110 + -1010112?
2022221
In base 12, what is a4 - -a7?
18b
In base 5, what is -1 - 41414?
-41420
In base 3, what is -11100 - 210111?
-221211
In base 6, what is -12220 - -50?
-12130
In base 7, what is 1632035 - -4?
1632042
In base 15, what is -4 - -28b5?
28b1
In base 14, what is -ba144 - -4?
-ba140
In base 11, what is -4 - 3256?
-325a
In base 12, what is 4a - -161a?
1668
In base 7, what is -1553 + -5663?
-10546
In base 7, what is -2 + -12550?
-12552
In base 14, what is 557 - -16b?
6c4
In base 16, what is -a63a + -3?
-a63d
In base 4, what is 2 - -32033022?
32033030
In base 12, what is -6 - 12976?
-12980
In base 7, what is -3235 - -6652?
3414
In base 10, what is 85 + 5445?
5530
In base 3, what is 2 + -1101020?
-1101011
In base 5, what is -140104 + -422?
-141031
In base 10, what is -92 + 2876?
2784
In base 9, what is -208 - 141?
-350
In base 14, what is -bb7 + -5b?
-c34
In base 11, what is 52209 + 1?
5220a
In base 14, what is -41 - 114?
-155
In base 10, what is -1015 - -258?
-757
In base 16, what is -b83 + -14?
-b97
In base 3, what is 1 - 122212201?
-122212200
In base 14, what is a6 + -90d?
-847
In base 16, what is -7e - -a8?
2a
In base 15, what is -5 - 19e9?
-19ee
In base 2, what is -1010110000010 - -100?
-1010101111110
In base 8, what is -226 - -746?
520
In base 10, what is 134 + -113?
21
In base 7, what is 20 - -11653?
12003
In base 3, what is 101220121 - -1010?
101221201
In base 15, what is 4 - 8284?
-8280
In base 9, what is 1336705 + -2?
1336703
In base 8, what is 60 + 102035?
102115
In base 6, what is 130 - 12031?
-11501
In base 12, what is 17 + 1b68?
1b83
In base 9, what is 542 + 12225?
12767
In base 12, what is 1 + -2916a7?
-2916a6
In base 15, what is 7a - -1b1d?
1b98
In base 5, what is -443133 + -3?
-443141
In base 5, what is -1330010 + -4?
-1330014
In base 8, what is 2162255 + -3?
2162252
In base 15, what is 6ce4 - 4?
6ce0
In base 16, what is 8 + 878?
880
In base 11, what is -8 + -163221?
-163229
In base 3, what is 112100 - -1021212?
1211012
In base 7, what is -602 + -233?
-1135
In base 8, what is 2051 + 55?
2126
In base 6, what is -1 - 454433?
-454434
In base 10, what is 3 - 33880?
-33877
In base 13, what is 0 + 522?
522
In base 6, what is -230035 + 2?
-230033
In base 2, what is -11100101110 - -10101101?
-11010000001
In base 4, what is 3 - 2012331?
-2012322
In base 11, what is -1 - 35365?
-35366
In base 10, what is -2 - -8169?
8167
In base 3, what is 10222002 - 112000?
10110002
In base 12, what is 86a98 - -4?
86aa0
In base 2, what is 10100 - -10111010000000000?
10111010000010100
In base 11, what is 5 + 52a37?
52a41
In base 7, what is 1 - -63?
64
In base 5, what is 40 + -110304?
-110214
In base 8, what is -33 + 10532?
10477
In base 4, what is -32 + -100032?
-100130
In base 7, what is -4 + -3556414?
-3556421
In base 14, what is 53b + -326?
215
In base 9, what is -11838 + -6?
-11845
In base 12, what is -7 + -231b1?
-231b8
In base 6, what is -2445 + -1443?
-4332
In base 11, what is 2901 + 10?
2911
In base 3, what is 12222101020110 + 2?
12222101020112
In base 14, what is 51c30 + 1d?
51c4d
In base 3, what is 12 + 110000100?
110000112
In base 15, what is c69e + 3?
c6a2
In base 5, what is 311303 + 4?
311312
In base 5, what is -3 - 11114420?
-11114423
In base 12, what is -817 + 147?
-690
In base 4, what is -1103 + -21313?
-23022
In base 6, what is -2011220 - 21?
-2011241
In base 12, what is -78 + -62?
-11a
In base 14, what is 18c34 - -5?
18c39
In base 3, what is 1 - -1021200021?
1021200022
In base 11, what is 236 + -a23?
-798
In base 13, what is c369 + -38?
c331
In base 13, what is -43 + -c518?
-c55b
In base 9, what is 10 + -30485?
-30475
In base 4, what is -101 - 101201331?
-101202032
In base 10, what is -41550 + -153?
-41703
In base 9, what is -1340 - 203?
-1543
In base 13, what is -58 - 131c?
-1377
In base 16, what is -5 - -3ad7?
3ad2
In base 9, what is 11 + -2842?
-2831
In base 8, what is -1137 - 677?
-2036
In base 6, what is -10315253 + -1?
-10315254
In base 13, what is 18 - -a32?
a4a
In base 15, what is 1248a - -1b?
124a6
In base 9, what is -3235624 + 1?
-3235623
In base 7, what is 0 + -156613?
-156613
In base 9, what is 6008 - 10?
5888
In base 15, what is -7d66 - 4a?
-7db1
In base 5, what is 41 - 2413?
-2322
In base 4, what is -1220113 + -10102?
-1230221
In base 2, what is 1000 - -11011000101000?
11011000110000
In base 7, what is -1065 + 0?
-1065
In base 13, what is 7 - -5c50?
5c57
In base 10, what is -10 + -787?
-797
In base 8, what is 0 + 770056?
770056
In base 9, what is 188 - 180?
8
In base 12, what is 8 + b5b8?
b604
In base 15, what is -6a04 + 12?
-69e2
In base 8, what is 62 - -5612?
5674
In base 13, what is ba + 126?
213
In base 6, what is 1150204 - 4?
1150200
In base 14, what is 55b6 + 41?
5617
In base 9, what is -8 + -41741?
-41750
In base 5, what is 111 + -343233?
-343122
In base 16, what is 120425 + -3?
120422
In base 11, what is 388a01 + -3?
3889a9
In base 15, what is -19b90a - 5?
-19b910
In base 5, what is -3 - 101010?
-101013
In base 14, what is -11 - 2684?
-2695
In base 15, what is -1796d4 - 5?
-1796d9
In base 13, what is -6266b0 - -2?
-6266ab
In base 12, what is b + 91b7a?
91b89
In base 2, what is 100 - -100000010011111001?
100000010011111101
In base 7, what is 5 - -26445?
26453
In base 4, what is -31103 + 10?
-31033
In base 5, what is -33 + -142?
-230
In base 3, what is -122200210 - -1101?
-122122102
In base 13, what is 5 + 122860?
122865
In base 15, what is 1eaa + -1d?
1e8c
In base 9, what is -4284 + 1?
-4283
In base 10, what is -137 + -3?
-140
In base 16, what is -4 - -11054?
11050
In base 5, what is -1241022 + 13?
-1241004
In base 10, what is 3 - 22932?
-22929
In base 13, what is -5 - -7952?
794a
In base 11, what is 958 + -196?
772
In base 12, what is 986 - 116?
870
In base 11, what is -20637 + -5?
-20641
In base 3, what is -102122212 + -12?
-102200001
In base 2, what is -1011 - -1001111100111